 11101111?
-11101110
In base 4, what is -112 - 12?
-130
In base 6, what is 1 + -24?
-23
In base 2, what is 100 - -101001111110?
101010000010
In base 4, what is -1000 + -11?
-1011
In base 11, what is -2 + 3a?
38
In base 11, what is -4 + 1?
-3
In base 2, what is 1010111 + 100011?
1111010
In base 11, what is -8070 - -4?
-8067
In base 2, what is 0 + 110011?
110011
In base 10, what is -139 + 25?
-114
In base 5, what is 4 + 11340?
11344
In base 6, what is -3403 + 0?
-3403
In base 9, what is 4030 + -4?
4025
In base 7, what is -346 - 4?
-353
In base 4, what is 21 - -2120?
2201
In base 9, what is 3 - -178?
182
In base 3, what is -1 + -10211?
-10212
In base 13, what is -247 + 0?
-247
In base 5, what is 1003 + 3?
1011
In base 12, what is -b - 5?
-14
In base 7, what is 3 + 55?
61
In base 9, what is 31 + 4?
35
In base 16, what is 2b + -1?
2a
In base 9, what is 0 + 601?
601
In base 10, what is -2 + -30?
-32
In base 16, what is 3 - dd1?
-dce
In base 4, what is 1203232 - -1?
1203233
In base 4, what is -1 + -1310?
-1311
In base 15, what is c4 + 4?
c8
In base 10, what is 248 - -55?
303
In base 7, what is 100121 - -5?
100126
In base 2, what is 110101 - 0?
110101
In base 15, what is -8e9 + -5?
-8ee
In base 2, what is -1000100 + -100?
-1001000
In base 13, what is 2c - -10?
3c
In base 4, what is -213 - -1202?
323
In base 14, what is d4 - -2?
d6
In base 15, what is -32d + -6?
-334
In base 16, what is -3 - 24?
-27
In base 15, what is e + -9?
5
In base 6, what is 205 - -113?
322
In base 8, what is 175 + -37?
136
In base 9, what is 112 + 1?
113
In base 4, what is 22203 + -3?
22200
In base 14, what is -17 - 5?
-1c
In base 14, what is 195 - 1?
194
In base 10, what is 3 + 333?
336
In base 13, what is -831 + 3?
-82b
In base 16, what is -59 + -1?
-5a
In base 5, what is -3 + 214?
211
In base 14, what is -7 + 4?
-3
In base 9, what is -2667 - 0?
-2667
In base 2, what is -101 - -10011011?
10010110
In base 6, what is -3 + -5031?
-5034
In base 12, what is -7 - -423?
418
In base 15, what is 2 + -16?
-14
In base 10, what is 4 + -3434?
-3430
In base 10, what is -16 + -46?
-62
In base 15, what is 0 + -73?
-73
In base 16, what is -4 + -60?
-64
In base 8, what is 12 + 74?
106
In base 6, what is -41 - -1123?
1042
In base 12, what is 33 + -8?
27
In base 6, what is -12 + -133?
-145
In base 6, what is 5 + 100?
105
In base 5, what is -33 - -31?
-2
In base 8, what is 0 - 36?
-36
In base 4, what is -21 + 110313?
110232
In base 6, what is -32 - 5?
-41
In base 3, what is 2222110 + -100?
2222010
In base 9, what is 86 - -20?
116
In base 6, what is -15 + -141?
-200
In base 4, what is 2 - 333200?
-333132
In base 8, what is 1323 + 4?
1327
In base 10, what is 67 + -14?
53
In base 2, what is 11100110 + -101?
11100001
In base 13, what is 2 - 13?
-11
In base 12, what is -691 - 3?
-694
In base 7, what is -1265 + 5?
-1260
In base 10, what is -5 - -469?
464
In base 12, what is -2935 + 0?
-2935
In base 13, what is a - -15?
22
In base 7, what is 100 + 4?
104
In base 6, what is 1 + -4233?
-4232
In base 13, what is -2 + 7c?
7a
In base 7, what is -666 - -24?
-642
In base 10, what is -2 + 269?
267
In base 4, what is -21 + -222?
-303
In base 4, what is 1 - 123?
-122
In base 9, what is -2 - -34?
32
In base 3, what is -12 - 10001001?
-10001020
In base 9, what is 1112 - 3?
1108
In base 12, what is -4 - -351?
349
In base 5, what is 3 + -4344?
-4341
In base 6, what is -5 - -2425?
2420
In base 16, what is c7 + 0?
c7
In base 3, what is -111 - -1011?
200
In base 8, what is 10 + 3422?
3432
In base 2, what is 1010100 + -10001000?
-110100
In base 14, what is 1299 + -4?
1295
In base 11, what is 5 + -43?
-39
In base 11, what is -4 + -107?
-110
In base 2, what is 10 - 111111?
-111101
In base 11, what is -5 + 258?
253
In base 16, what is df + 22?
101
In base 3, what is 221 + 21022?
22020
In base 9, what is -5 - -15?
10
In base 15, what is -83 + -19?
-9c
In base 5, what is -211 - 101?
-312
In base 15, what is 5 - -4?
9
In base 3, what is 1221011 - 120?
1220121
In base 9, what is 512 + 6?
518
In base 13, what is -5 - 3530?
-3535
In base 16, what is 5 - -1ce?
1d3
In base 14, what is -c1 + -8?
-c9
In base 2, what is -10101 - -1010?
-1011
In base 8, what is 1 - 13057?
-13056
In base 10, what is 13 + 31?
44
In base 10, what is -1 + 13?
12
In base 12, what is 4 - -42?
46
In base 11, what is -159a + 2?
-1598
In base 8, what is -7 - -22?
13
In base 9, what is -1 - -682?
681
In base 9, what is 27 + 6?
34
In base 13, what is -3ba + 0?
-3ba
In base 10, what is 12 + 369?
381
In base 16, what is 0 - c6?
-c6
In base 15, what is 63 + -7?
5b
In base 6, what is 4 - -23101?
23105
In base 13, what is 4b59 - -2?
4b5b
In base 5, what is 221 - -31?
302
In base 10, what is -20 + -370?
-390
In base 12, what is 17 - 91?
-76
In base 16, what is -2 - 94?
-96
In base 9, what is -4 + -5686?
-5701
In base 4, what is 3 + -1030?
-1021
In base 16, what is -e + -20?
-2e
In base 2, what is -100 + -101001111?
-101010011
In base 16, what is -16d3 - 4?
-16d7
In base 10, what is -2 - 719?
-721
In base 12, what is 4a1 - 1?
4a0
In base 3, what is 210020 - -10?
210100
In base 11, what is a39 - -5?
a43
In base 13, what is -5 - 2c?
-34
In base 3, what is -12011 + 11?
-12000
In base 16, what is -8 + -7?
-f
In base 15, what is -3ba - 1e?
-3d9
In base 12, what is 13 + -3?
10
In base 16, what is -171 + -4?
-175
In base 10, what is 59 + 3?
62
In base 13, what is 106 + -5a?
79
In base 6, what is -1 - -3055?
3054
In base 14, what is 413 - -1?
414
In base 14, what is -5 + 1a11?
1a0a
In base 2, what is 100110 - 100?
100010
In base 14, what is -1d - 93?
-b2
In base 13, what is 6 + 5a7?
5b0
In base 2, what is -10101101000 + -11?
-10101101011
In base 5, what is -40 - -1?
-34
In base 16, what is f92 + 0?
f92
In base 14, what is 5 - -20?
25
In base 16, what is 21 - 4?
1d
In base 6, what is 2 - -11120?
11122
In base 8, what is 2 - 312?
-310
In base 2, what is -1000 - -1?
-111
In base 8, what is 0 + -46?
-46
In base 8, what is -5114 - -3?
-5111
In base 15, what is -5 + -c02?
-c07
In base 13, what is -202 - -4?
-1cb
In base 9, what is -7728 + -5?
-7734
In base 9, what is 14 + 112?
126
In base 7, what is 24344 + -1?
24343
In base 13, what is 10b + 3?
111
In base 6, what is 2 - 1142?
-1140
In base 10, what is 2 - -32?
34
In base 5, what is 10 - 0?
10
In base 7, what is -1 + 13343?
13342
In base 9, what is -3550 - -4?
-3545
In base 4, what is 2313110 + 2?
2313112
In base 5, what is -224 - 13?
-242
In base 16, what is 5 - -9?
e
In base 7, what is 61 + 0?
61
In base 3, what is 12 - 2202?
-2120
In base 4, what is 3 - 21023?
-21020
In base 2, what is -1111001 - -101?
-1110100
In base 5, what is -11432 - 10?
-11442
In base 5, what is 2411401 - -1?
2411402
In base 3, what is -20001111 - -2?
-20001102
In base 3, what is 1001 - -210?
1211
In base 14, what is -53c - -4?
-538
In base 9, what is -4 - -3382?
3377
In base 4, what is 1122 - -12?
1200
In base 4, what is 12202 - -2?
12210
In base 14, what is -d73 + 5?
-d6c
In base 5, what is 4014 + -10?
4004
In base 12, what is -9 + a99?
a90
In base 8, what is 7 - -33?
42
In base 14, what is -2a07 + 5?
-2a02
In base 5, what is -1424 + -402?
-2331
In base 9, what is -2633 + -2?
-2635
In base 11, what is 33 - 16?
18
In base 11, what is -4 + 855?
851
In base 6, what is -202 + 3?
-155
In base 15, what is -b51 - -5?
-b4b
In base 16, what is 9bb8 - -2?
9bba
In base 5, what is -1240 - 3?
-1243
In base 12, what is -8 + -3?
-b
In base 8, what is 3673 - 3?
3670
In base 16, what is -4 - 684?
-688
In base 10, what is 13547 + -2?
13545
In base 6, what is 55 - 1?
54
In base 8, what is 12 + 3324?
3336
In base 8, what is 36 - 44?
-6
In base 9, what is 11 + 2686?
2707
In base 7, what is 1254 - -10?
1264
In base 6, what is 10 + 5130?
5140
In base 6, what is -2 - -315?
313
In base 13, what is 4c0 - -5?
4c5
In base 7, what is 43365 - 5?
43360
In base 14, what is -3b0 + 0?
-3b0
In base 2, what is 11111 + 0?
11111
In base 6, what is 135 + 154?
333
In base 16, what is 5 - -78b?
790
In base 3, what is 22 - -121000?
121022
In base 13, what is -1ac - 1?
-1b0
In base 10, what is -40 + -22?
-62
In base 5, what is -11 + -222?
-233
In base 3, what is -21 - -221?
200
In base 8, what is 15 + -4?
11
In base 8, what is -2 + 11?
7
In base 3, what is 2212001 - 0?
2212001
In base 16, what